5 - (-436 + 277))?
-71
What is (-38 - -35 - 17) + 32 + 13?
25
What is 37 - 1 - (44 + (-42 - -46) - 31)?
19
Evaluate -3 + (-8 - -92) + (-28 - (-34 - -19)).
68
Evaluate 7 + (-9 - (-5 + -10)) + (-37 - -5).
-19
What is 38 + -227 - -177 - (44 + -1)?
-55
Evaluate 1 + -15 + -17 + 69 + -54 + 20.
4
Evaluate -7 + -3 - (0 + (3 - (-16 + 5 - -3))).
-21
Evaluate (-1 + 1 - (4 - -3)) + 67 - (-5 - -7).
58
Evaluate -61 - (-50 + 57) - -167.
99
What is the value of -38 - 0 - (29 + -12 + -7 - 8)?
-40
Evaluate 77 + (-80 - (-67 + -11)).
75
Calculate (14 - (1 - -34)) + -7 + -6 + -1.
-35
Evaluate (-92 + 124 - 59) + 72.
45
What is the value of 6 + (-8 - -7 - -134) - (7 + -30 + 28)?
134
59 - 11 - (-16 - -26)
38
What is the value of (-8 - -9) + (7 - 0) - (-487 + 478)?
17
26 + (-15 - (66 + -66))
11
(4 + -18 - -61) + -61 + 62
48
What is 10 + -110 + 44 + -47 + 12?
-91
5945 + -5989 + -25 + -1 + 1
-69
Calculate -98 + 53 + 32 - (2 - -5).
-20
What is the value of (0 - -5) + (502 - 646) - (-16 - -2)?
-125
-6 + 10 + 8 + -17 + 5 + (0 - 53)
-53
Calculate 77 - -2 - (13 + 13 - 12) - 2.
63
What is (5 - -1) + -8 - (6 - 4)?
-4
(-94 - -62 - -41 - (1 + 17)) + -33
-42
Evaluate -3300 - -3304 - (-3 + -132).
139
Calculate 10 + 0 + (20 - (7 - -16)) + (3 - 12).
-2
Evaluate -111 + 3 - (6774 + -6919).
37
What is the value of 8 - ((-13 - -111) + -38)?
-52
-5 - (-21 - -41 - -2) - -11
-16
What is the value of (-8 - (4 + -14)) + 0 + 21?
23
Calculate 28 + 23 + -187 - -76.
-60
Evaluate -11 + 21 + 24 + -8 + (7 - -2) + -3.
32
Evaluate 3 + -3 + -66 + (-14 - (17 - 22)) + 9.
-66
What is -203 + 92 + 117 - (-66 + 1)?
71
Evaluate 38 + -25 + -45 + -8 + 3.
-37
Evaluate 1 - (-9 + 31) - (1 + (-1 - -5) - 7).
-19
What is (-346 - -339) + (-1 - 1) + -48 + 5?
-52
Evaluate 57 + (12 - 6) + (57 - (-27 + 67)).
80
What is the value of -18 + -11 + -104 + 96?
-37
What is (-32 + 117 - 148 - (1 - 16)) + -3?
-51
(-32 + 29 - 7) + (-2 - 30) + -17
-59
What is -27 + (160 - 159 - (3 - 2))?
-27
What is -188 + (202 - 23) + -84 + -1?
-94
What is 13 - (-7 - -4 - -38 - 6)?
-16
What is the value of 45 - (88 + -83 + 0 + (-5 - -5)) - -5?
45
(9 - 59) + (2 - (15 + -15 - -12))
-60
Evaluate -13 - (-6 + -22 - -20 - 2).
-3
Calculate 14 - -1 - (-1299 + 1333 + (-1 - -95)).
-113
What is the value of 0 + -4 + 211 + -187 - -39?
59
Calculate -8 - (13 - 14 - 3) - (62 - 3 - -7).
-70
Evaluate 15 + (30 - (3 + 73)) + 1 + (0 - -1).
-29
What is the value of 60 + (-31 - (16 + -55))?
68
Evaluate (-1 + -4 - (3 - (-2 - -15))) + 26.
31
What is (12 + 13 - 20) + (4 - 6 - 94) - -10?
-81
What is -48 + 40 - (3 + 21) - -44?
12
(-84 - 102 - -105 - (1 + 13)) + (2 - -12)
-81
Calculate (67 - 81) + -72 + 54.
-32
What is (-130 - -132) + (2 - -10) + -15 + 42?
41
Evaluate 8 - 13 - (1 - 12).
6
What is (-16 - ((-4 - 5) + -1)) + (42 - 1)?
35
-143 - -170 - 43 - 84
-100
What is the value of 171 - (71 + -1) - 33?
68
255 + 52 + -309 + 112
110
What is the value of -6 + (10 - 3) + 8 - (117 + (-14 - -19))?
-113
What is (0 - 2) + -1 + (132 - (-174 - -272))?
31
What is 116 + -50 + -76 + (13 - 0)?
3
What is the value of (-31 - (-41 + 25) - -25) + 0 + 9?
19
-26 - (-39 + 40 - -35)
-62
Evaluate 24 - (-32 - (-18 + -7 + 19)).
50
Evaluate -42 + -11 + (-2 - (101 - 104 - (4 - -1))).
-47
-12 + 3 + -5 + -32 - (2 - 0)
-48
What is the value of (-13 - -19) + -10 + (6 - 14) - -26?
14
What is (8 + -15 - (8 + -9 + 4)) + -2 + -37?
-49
Evaluate -45 - (33 + -95 - -87).
-70
What is (14 - (6 + 42 + -10)) + 9 + 1?
-14
-6 + (-4 + 7 - -6 - 0 - 7) + -22
-26
-6 + -8 + 16 + (-4 - (8 - 1)) + 1
-8
Calculate (3 + -8 - -36) + -64 + 106 + -60.
13
What is (-11 - (-27 + 104)) + -12?
-100
What is the value of -163 - (183 + -128 - 85)?
-133
What is 57 + (-45 + 96 - 103)?
5
Evaluate -14 + -2 + -1 + -524 + 535.
-6
Evaluate (242 + -41 - 62) + 6 + -20 + -6.
119
Evaluate 12 + -2 - (451 + -425).
-16
Calculate -12 + (-14 + 27 - -2) + 12.
15
Evaluate 18 + -170 + 120 + 0 + 1.
-31
What is (-143 - (106 + -142)) + 13?
-94
What is 15 - (4 - ((-20 - 14) + -29))?
-52
Calculate -5 + 2 + (-168 - -97) - -21.
-53
What is -110 - ((2 - -29) + -72)?
-69
Calculate -35 + (-62 - 95) + 91.
-101
Evaluate 4 - 5 - 6 - (-6 - -26 - 38 - -18).
-7
Evaluate 1 - -45 - (-9 + 62 + -4 + -15 - 23).
35
Evaluate 14 - ((-17 - 14) + -25 + 4).
66
Evaluate (13 - ((14 - -14) + -110)) + 13.
108
What is (-3 - -6) + 39 + (8 - (-27 - -17) - 21)?
39
What is 1 + -25 - (24 - ((20 - 11) + 21))?
-18
-12 + 5 + -22 + 6 + (-4 - -3)
-24
What is the value of 12 + (0 - (-47 - -58 - (-1 + 13)))?
13
What is the value of 0 + -69 - (9941 - 10047)?
37
(3729 - 3740) + -13 + 2 + 53 + -1
30
18 - (38 - (15 - 18 - -4 - 2))
-21
Calculate (0 - ((43 - 41) + -18)) + -126.
-110
-8 + 8 + -11 - (119 - 13 - 38)
-79
Evaluate (164 - 145) + (49 - -16 - -16).
100
Calculate 829 - 832 - (-60 + 2 + 0).
55
Evaluate 67 - (-52 - -36) - 20.
63
Evaluate 3 - (0 + -2 + 3 + -10 + -2).
14
What is -21 + -12 + -22 + 34 + -7?
-28
Evaluate -34 - (-64 - -39) - -25.
16
What is -38 + (-49 - -76 - 34)?
-45
What is -3 + -78 + 20 + -14 + 27 + -27?
-75
(1 + -1 - 0 - 0) + 3 + (17 - 15)
5
What is -18 + -2 + (-31 - -36 - (22 - -2) - -15)?
-24
Calculate -55 + 156 - ((-6 - -1 - 3) + 0).
109
What is the value of (-186 - -158) + (-5 - ((-4 - 0) + -11)) + -9?
-27
What is the value of (-5 - -1) + -16 + 57 + -44 + -62?
-69
Calculate -6 + (7 - 48) + (28 - 51).
-70
(-2 - 52) + 8 + -10 + (1 - 11)
-66
1821 + -1885 - (-35 + 1)
-30
What is 35 - (6 - (17 - (36 - 18) - (-16 - -8)))?
36
What is (-31 + -94 - -165) + -90?
-50
Evaluate (17 - (-16 - -31)) + -9 + 22.
15
Evaluate 2 + 39 + 311 + -358.
-6
Evaluate -152 + 125 + -53 + 1.
-79
Calculate -608 - -599 - (-42 - 0).
33
Evaluate 2 + (-12 - 2) - (-5 - -5 - (-49 + 65)).
4
Evaluate (1199 - 1337) + 2 + 238.
102
What is the value of -3 + ((-1 - -13) + 11 + -12 - 2)?
6
-38 - -40 - (85 - 6 - 18)
-59
4 + -4 + 7 + (132 - 126 - (20 + 0))
-7
What is -2 + -16 + -3 + 16 + 8 + -12 + -2?
-11
What is the value of 8 + -88 + 53 - -29?
2
29 - (-10 + 29 + -65)
75
Calculate (-26 - 74) + -7 + (27 - 5) + -7.
-92
(-2 - (66 + 2)) + 33 + (-23 - 61) + 41
-80
What is 15 - ((-7 - (9 + -14)) + 16 + -8)?
9
Evaluate 37 + 28 - (0 + 1) - (5 - (2 - 5)).
56
What is the value of -6 - (-4 + -42 + (21 + -31 - -3))?
47
What is the value of 0 + 2 + -45 + 1 + 196 + -181?
-27
Calculate (350 - 345) + (1 - (-33 - (-1 - 0))).
38
Calculate (39 - 70) + 45 - (-3 + (3 - 75)).
89
Evaluate 1 + 4 + 5 + 0 + (-7 - -15) + -36.
-18
Evaluate (66 - 104) + 19 - (-2 - 19).
2
Evaluate -105 - (-17 + 13 + 1 - 18).
-84
Calculate -2 + -77 + -4 + (16 - 6) + 10.
-63
Evaluate 7 + (4 - -11) + (-306 - -370).
86
10 + -59 + 4 + 32 + 2 + 81
70
Evaluate (9 - (3 + 6) - (16 - 4)) + -34.
-46
What is 4 + 10 + (1 - 3) + (-17 - -1) + 0?
-4
Calculate (0 - -2) + -54 - (46 - (66 + -21 + -11)).
-64
Calculate 239 - (-70 + 166) - 28.
115
What is the value of 17 + 6 + -32 + 8?
-1
1 + 5 - ((-3 - 13) + (-20 - (14 + -15)))
41
What is the value of -7 + -48 + (-2 - (14 - 12 - 11) - 16)?
-64
(5332 - 5276) + 1 + -67
-10
What is the value of 4 - 1 - (0 - 23) - ((15 - 36) + 20)?
27
What is -27 + (-2 - 35) - -67?
3
Calculate 85 + (141 - (62 - -118)).
46
What is -8 + 17 - -6 - (-13 - -36)?
-8
-2 + -8 + -1346 + 1386
30
-1 + 0 - (15 - (-97 + 103))
-10
21 + -306 + 180 + -17 + 0 + 4
-118
What is -47 + 6 + (316 - 271)?
4
Evaluate (-1 - 18) + (-174 - -196) + (-36 - (-7 + 4)).
-30
What is -151 + -92 + 273 + -100?
-70
What is the value of 78 + -19 - (65 + 10)?
-16
What is the value of 573 + -481 - (39 + -1)?
54
(-24 - (-8 + 25)) + 15 + -89
-115
What is (-59 - -20) + -11 + 46?
-4
Evaluate 6663 + -6680 + 1 + 2.
-14
What is -63 + (58 - (69 - 34)) + 10?
-30
Calculate -4 + 0 + (7 - 19) + 20.
4
What is -133 - -56 - -15 - (1 + -25)?
-38
Calculate -42 + -37 + 144 + -20.
45
What is the value of -26 - ((5 + 9 + -10 - -5) + -5)?
-30
Calculate 61 + (-29 - -2) - (9 + -3).
28
Evaluate (57 - 4) + (-11 - (6 - -11 - 21)).
46
What is the value of -21 + (-8 + (8 - 19) - -22 - -16)?
-2
What is the value of -3 + 11 + -32 + 60 + (-35 - 3)?
-2
What is the value of 27 - -20 - ((-21 - (1 - 0)) + (503 - 495))?
61
188 + 0 + (-121 + 152 - 78)
141
What is the value of -5 + 9 + 3 - (-12 - 1 - -13) - 1?
6
Calculate (2 + -52 - 49) + 18.
-81
What is the value of -3 - 1 - (43 + (-58 - -16)) - 24?
-29
What is -64 + (-10 - -17) - (5 - 